 prime factors of 100969.
11, 67, 137
What are the prime factors of 60?
2, 3, 5
List the prime factors of 7250.
2, 5, 29
List the prime factors of 696.
2, 3, 29
What are the prime factors of 3953?
59, 67
What are the prime factors of 13252?
2, 3313
List the prime factors of 87109.
11, 7919
List the prime factors of 11487.
3, 7, 547
What are the prime factors of 1324?
2, 331
List the prime factors of 5990.
2, 5, 599
What are the prime factors of 249?
3, 83
What are the prime factors of 2064?
2, 3, 43
List the prime factors of 129356.
2, 73, 443
What are the prime factors of 10310?
2, 5, 1031
What are the prime factors of 78826?
2, 11, 3583
What are the prime factors of 44802?
2, 3, 19, 131
List the prime factors of 81455.
5, 11, 1481
List the prime factors of 52560.
2, 3, 5, 73
What are the prime factors of 5571?
3, 619
List the prime factors of 20388.
2, 3, 1699
List the prime factors of 102987.
3, 11443
What are the prime factors of 961?
31
What are the prime factors of 3497?
13, 269
List the prime factors of 5305.
5, 1061
List the prime factors of 29799.
3, 7, 11, 43
What are the prime factors of 44413?
23, 1931
What are the prime factors of 11294?
2, 5647
What are the prime factors of 3601?
13, 277
List the prime factors of 2022.
2, 3, 337
What are the prime factors of 14378?
2, 7, 13, 79
List the prime factors of 15213.
3, 11, 461
What are the prime factors of 1147?
31, 37
What are the prime factors of 807?
3, 269
What are the prime factors of 22811?
22811
List the prime factors of 853.
853
List the prime factors of 51452.
2, 19, 677
What are the prime factors of 3842?
2, 17, 113
What are the prime factors of 84527?
181, 467
What are the prime factors of 72155?
5, 14431
List the prime factors of 7327.
17, 431
What are the prime factors of 9129?
3, 17, 179
List the prime factors of 1462.
2, 17, 43
List the prime factors of 622.
2, 311
What are the prime factors of 6531?
3, 7, 311
What are the prime factors of 42745?
5, 83, 103
What are the prime factors of 7370?
2, 5, 11, 67
What are the prime factors of 48890?
2, 5, 4889
What are the prime factors of 234?
2, 3, 13
What are the prime factors of 24870?
2, 3, 5, 829
List the prime factors of 3514.
2, 7, 251
List the prime factors of 964.
2, 241
List the prime factors of 4067.
7, 83
List the prime factors of 5139.
3, 571
List the prime factors of 10894.
2, 13, 419
List the prime factors of 38323.
19, 2017
What are the prime factors of 1315?
5, 263
List the prime factors of 632.
2, 79
What are the prime factors of 720?
2, 3, 5
What are the prime factors of 3689?
7, 17, 31
List the prime factors of 6263.
6263
List the prime factors of 23412.
2, 3, 1951
What are the prime factors of 970?
2, 5, 97
What are the prime factors of 7073?
11, 643
List the prime factors of 1674.
2, 3, 31
What are the prime factors of 3793?
3793
What are the prime factors of 36375?
3, 5, 97
What are the prime factors of 3206?
2, 7, 229
What are the prime factors of 10068?
2, 3, 839
List the prime factors of 623.
7, 89
List the prime factors of 14026.
2, 7013
What are the prime factors of 739?
739
List the prime factors of 12929.
7, 1847
List the prime factors of 6051.
3, 2017
What are the prime factors of 1571?
1571
List the prime factors of 6774.
2, 3, 1129
What are the prime factors of 15260?
2, 5, 7, 109
List the prime factors of 74133.
3, 8237
List the prime factors of 771.
3, 257
List the prime factors of 45855.
3, 5, 1019
List the prime factors of 1120.
2, 5, 7
What are the prime factors of 9895?
5, 1979
What are the prime factors of 47174?
2, 103, 229
List the prime factors of 687.
3, 229
List the prime factors of 2637.
3, 293
What are the prime factors of 201?
3, 67
List the prime factors of 1050.
2, 3, 5, 7
List the prime factors of 40545.
3, 5, 17, 53
List the prime factors of 1109.
1109
List the prime factors of 1435.
5, 7, 41
List the prime factors of 1754.
2, 877
What are the prime factors of 1321?
1321
List the prime factors of 139.
139
What are the prime factors of 16331?
7, 2333
What are the prime factors of 38537?
89, 433
List the prime factors of 22242.
2, 3, 11, 337
List the prime factors of 3748.
2, 937
List the prime factors of 1758.
2, 3, 293
List the prime factors of 564.
2, 3, 47
What are the prime factors of 150073?
7, 11, 1949
What are the prime factors of 77952?
2, 3, 7, 29
List the prime factors of 40436.
2, 11, 919
What are the prime factors of 32151?
3, 7, 1531
List the prime factors of 12806.
2, 19, 337
What are the prime factors of 42813?
3, 67, 71
What are the prime factors of 1402?
2, 701
What are the prime factors of 8632?
2, 13, 83
List the prime factors of 732.
2, 3, 61
List the prime factors of 36045.
3, 5, 89
What are the prime factors of 32729?
23, 1423
What are the prime factors of 2047?
23, 89
List the prime factors of 28187.
71, 397
What are the prime factors of 46941?
3, 15647
What are the prime factors of 4092?
2, 3, 11, 31
What are the prime factors of 1012?
2, 11, 23
What are the prime factors of 1050?
2, 3, 5, 7
What are the prime factors of 292?
2, 73
What are the prime factors of 6299?
6299
What are the prime factors of 39049?
17, 2297
What are the prime factors of 14445?
3, 5, 107
List the prime factors of 988.
2, 13, 19
What are the prime factors of 774?
2, 3, 43
List the prime factors of 508.
2, 127
What are the prime factors of 6549?
3, 37, 59
List the prime factors of 1347.
3, 449
What are the prime factors of 13131?
3, 1459
List the prime factors of 46.
2, 23
List the prime factors of 24832.
2, 97
List the prime factors of 850.
2, 5, 17
List the prime factors of 16466.
2, 8233
What are the prime factors of 909?
3, 101
What are the prime factors of 5884?
2, 1471
List the prime factors of 4782.
2, 3, 797
List the prime factors of 22670.
2, 5, 2267
List the prime factors of 69.
3, 23
What are the prime factors of 110?
2, 5, 11
List the prime factors of 4052.
2, 1013
List the prime factors of 3063.
3, 1021
What are the prime factors of 23375?
5, 11, 17
What are the prime factors of 5003?
5003
List the prime factors of 1162.
2, 7, 83
List the prime factors of 1505.
5, 7, 43
What are the prime factors of 62300?
2, 5, 7, 89
What are the prime factors of 21770?
2, 5, 7, 311
What are the prime factors of 1607?
1607
What are the prime factors of 39161?
39161
What are the prime factors of 682?
2, 11, 31
What are the prime factors of 3094?
2, 7, 13, 17
What are the prime factors of 20973?
3, 6991
What are the prime factors of 7011?
3, 19, 41
What are the prime factors of 16468?
2, 23, 179
What are the prime factors of 3274?
2, 1637
What are the prime factors of 1290?
2, 3, 5, 43
List the prime factors of 29950.
2, 5, 599
What are the prime factors of 32486?
2, 37, 439
What are the prime factors of 1638?
2, 3, 7, 13
List the prime factors of 18324.
2, 3, 509
What are the prime factors of 4003?
4003
List the prime factors of 3536.
2, 13, 17
What are the prime factors of 155690?
2, 5, 15569
List the prime factors of 16106.
2, 8053
List the prime factors of 960.
2, 3, 5
What are the prime factors of 48362?
2, 24181
What are the prime factors of 363?
3, 11
List the prime factors of 27066.
2, 3, 13, 347
What are the prime factors of 1135?
5, 227
What are the prime factors of 2258?
2, 1129
What are the prime factors of 1016?
2, 127
List the prime factors of 38405.
5, 7681
What are the prime factors of 95593?
109, 877
What are the prime factors of 31948?
2, 7, 163
What are the prime factors of 1429?
1429
List the prime factors of 15230.
2, 5, 1523
List the prime factors of 17091.
3, 211
List the prime factors of 1679.
23, 73
What are the prime factors of 36550?
2, 5, 17, 43
List the prime factors of 6180.
2, 3, 5, 103
List the prime factors of 21685.
5, 4337
List the prime factors of 83300.
2, 5, 7, 17
List the prime factors of 201862.
2, 100931
List the prime factors of 89086.
2, 44543
What are the prime factors of 21440?
2, 5, 67
List the prime factors of 17464.
2, 37, 59
What are the prime factors of 45359?
67, 677
What are the prime factors of 710?
2, 5, 71
List the prime factors of 5548.
2, 19, 73
What are the prime factors of 76242?
2, 3, 97, 131
List the prime factors of 13010.
2, 5, 1301
What are the prime factors of 2004?
2, 3, 167
List the prime factors of 19625.
5, 157
W